{"id":355,"date":"2021-11-15T15:17:15","date_gmt":"2021-11-15T14:17:15","guid":{"rendered":"https:\/\/festivalstandupkomedije.si\/?page_id=78"},"modified":"2025-07-07T22:21:44","modified_gmt":"2025-07-07T22:21:44","slug":"panceva-zgodba","status":"publish","type":"page","link":"https:\/\/festivalstandupkomedije.si\/?page_id=355","title":{"rendered":"PAN\u010cEVA ZGODBA"},"content":{"rendered":"\n<p>Pan\u010d se je rodil leta 2008, ko sta Tin Vodopivec in Andrej Te\u017eak \u2013 Te\u0161ky sklenila, da ustvarita nekaj izjemnega. Stand-up komedija je v tistih \u010dasih v Sloveniji \u0161ele dobivala krila in zakaj ji ne bi pripeli kar zmajevskih, sta razmi\u0161ljala Tin in Te\u0161ky, takrat mo\u010dno povezana v skupni ideji. <\/p>\n\n\n\n<figure class=\"wp-block-image size-large\"><img loading=\"lazy\" decoding=\"async\" width=\"884\" height=\"590\" src=\"https:\/\/festivalstandupkomedije.si\/wp-content\/uploads\/2021\/11\/tin_tesky_panc-1.jpg?w=884\" alt=\"\" class=\"wp-image-150\" srcset=\"https:\/\/festivalstandupkomedije.si\/wp-content\/uploads\/2021\/11\/tin_tesky_panc-1.jpg 884w, https:\/\/festivalstandupkomedije.si\/wp-content\/uploads\/2021\/11\/tin_tesky_panc-1-300x200.jpg 300w, https:\/\/festivalstandupkomedije.si\/wp-content\/uploads\/2021\/11\/tin_tesky_panc-1-768x513.jpg 768w\" sizes=\"auto, (max-width: 884px) 100vw, 884px\" \/><figcaption class=\"wp-element-caption\">Tin Vodopivec in Te\u0161ky, ustanovitelja festivala Pan\u010d<\/figcaption><\/figure>\n\n\n\n<p>\u010cez no\u010d je nastal ambiciozni na\u010drt o mednarodnem festivalu stand-up komedije na vrhu slovenske prestolnice, na Ljubljanskem gradu, zmaj\u010dek Pan\u010d pa se je rodil le nekaj dni kasneje, ko takratna ekipa festivala, zdru\u017eena pod imenom Komikaze, ni na\u0161la imena ljubljanskega zmaja, ki bi lahko predstavljal festivalsko maskoto. . <\/p>\n\n\n\n<p>Od takrat do danes se je 17 veli\u010dastnih edicij zgodilo, kot bi trenil, in na Pan\u010devem odru se je zvrstilo ve\u010d kot 200 komikov z vsega sveta. In ne samo komiki, tudi tisti, ki so se komikom pri\u0161li smejat, so bili iz leta v leto \u0161tevil\u010dnej\u0161i.<\/p>\n\n\n\n<figure class=\"wp-block-image size-large\"><img decoding=\"async\" src=\"https:\/\/festivalstandupkomedije.si\/wp-content\/uploads\/2021\/11\/118403729_10157643452480838_503009945614203765_n-1.jpg?w=900\" alt=\"\" class=\"wp-image-279\"\/><figcaption class=\"wp-element-caption\">Festival Pan\u010d se \u017ee 18 let odvija na \u010dudovitem dvori\u0161\u010du Ljubljanskega gradu.<\/figcaption><\/figure>\n\n\n\n<p>Festival je sprva potekal kot tridnevni dogodek, se raz\u0161irili vse tja do \u0161est dni, nato so pri\u0161le \u0161e zimske edicije v Ljubljani in Mariboru, pa zmanj\u0161an PAN\u010c v Kranju in Termah \u010cate\u017e, gostoval je tudi v hrva\u0161ki prestolnici ter v nekaj drugih hrva\u0161kih mestih.<\/p>\n\n\n\n<p>Danes velja festival Pan\u010d za enega najve\u010djih stand-up festivalov v tem delu Evrope. Sede\u017ei so vsako leto razprodani, program pa neskon\u010dno zabaven in vsekakor prava poslastica za zadnje avgustovske ve\u010dere.   <\/p>\n\n\n\n<figure class=\"wp-block-image size-large\"><img loading=\"lazy\" decoding=\"async\" width=\"1981\" height=\"1321\" src=\"https:\/\/festivalstandupkomedije.si\/wp-content\/uploads\/2021\/11\/panc-2021-1.jpg?w=1024\" alt=\"\" class=\"wp-image-149\" srcset=\"https:\/\/festivalstandupkomedije.si\/wp-content\/uploads\/2021\/11\/panc-2021-1.jpg 1981w, https:\/\/festivalstandupkomedije.si\/wp-content\/uploads\/2021\/11\/panc-2021-1-300x200.jpg 300w, https:\/\/festivalstandupkomedije.si\/wp-content\/uploads\/2021\/11\/panc-2021-1-1024x683.jpg 1024w, https:\/\/festivalstandupkomedije.si\/wp-content\/uploads\/2021\/11\/panc-2021-1-768x512.jpg 768w, https:\/\/festivalstandupkomedije.si\/wp-content\/uploads\/2021\/11\/panc-2021-1-1536x1024.jpg 1536w\" sizes=\"auto, (max-width: 1981px) 100vw, 1981px\" \/><figcaption class=\"wp-element-caption\">Utrinek s festivala Pan\u010d 2021 &#8211; \u010crna nedelja z ekipo in ob\u010dinstvom<\/figcaption><\/figure>\n\n\n\n<p><\/p>\n","protected":false},"excerpt":{"rendered":"<p>Pan\u010d se je rodil leta 2008, ko sta Tin Vodopivec in Andrej Te\u017eak \u2013 Te\u0161ky sklenila, da ustvarita nekaj izjemnega. Stand-up komedija je v tistih \u010dasih v Sloveniji \u0161ele dobivala krila in zakaj ji ne bi pripeli kar zmajevskih, sta razmi\u0161ljala Tin in Te\u0161ky, takrat mo\u010dno povezana v skupni ideji. \u010cez no\u010d je nastal ambiciozni<a class=\"more-link\" href=\"https:\/\/festivalstandupkomedije.si\/?page_id=355\">Continue reading <span class=\"screen-reader-text\">&#8220;PAN\u010cEVA ZGODBA&#8221;<\/span><\/a><\/p>\n","protected":false},"author":3,"featured_media":0,"parent":0,"menu_order":0,"comment_status":"closed","ping_status":"closed","template":"","meta":{"footnotes":""},"class_list":["post-355","page","type-page","status-publish","hentry","entry"],"_links":{"self":[{"href":"https:\/\/festivalstandupkomedije.si\/index.php?rest_route=\/wp\/v2\/pages\/355","targetHints":{"allow":["GET"]}}],"collection":[{"href":"https:\/\/festivalstandupkomedije.si\/index.php?rest_route=\/wp\/v2\/pages"}],"about":[{"href":"https:\/\/festivalstandupkomedije.si\/index.php?rest_route=\/wp\/v2\/types\/page"}],"author":[{"embeddable":true,"href":"https:\/\/festivalstandupkomedije.si\/index.php?rest_route=\/wp\/v2\/users\/3"}],"replies":[{"embeddable":true,"href":"https:\/\/festivalstandupkomedije.si\/index.php?rest_route=%2Fwp%2Fv2%2Fcomments&post=355"}],"version-history":[{"count":3,"href":"https:\/\/festivalstandupkomedije.si\/index.php?rest_route=\/wp\/v2\/pages\/355\/revisions"}],"predecessor-version":[{"id":2051,"href":"https:\/\/festivalstandupkomedije.si\/index.php?rest_route=\/wp\/v2\/pages\/355\/revisions\/2051"}],"wp:attachment":[{"href":"https:\/\/festivalstandupkomedije.si\/index.php?rest_route=%2Fwp%2Fv2%2Fmedia&parent=355"}],"curies":[{"name":"wp","href":"https:\/\/api.w.org\/{rel}","templated":true}]}}